{"id":1644,"date":"2020-05-18T14:09:49","date_gmt":"2020-05-18T12:09:49","guid":{"rendered":"http:\/\/vonluepke-music.de\/?page_id=1644"},"modified":"2020-06-01T16:06:12","modified_gmt":"2020-06-01T14:06:12","slug":"impressum","status":"publish","type":"page","link":"https:\/\/vonluepke-music.de\/?page_id=1644","title":{"rendered":"Impressum"},"content":{"rendered":"<section class=\"l-section wpb_row us_custom_269b6a70 height_medium\"><div class=\"l-section-h i-cf\"><div class=\"g-cols vc_row via_flex valign_top type_default\"><div class=\"vc_col-sm-6 wpb_column vc_column_container\"><div class=\"vc_column-inner\"><div class=\"wpb_wrapper\"><div class=\"wpb_text_column\"><div class=\"wpb_wrapper\"><h2 class=\"western\"><span style=\"font-family: Trebuchet MS, sans-serif;\">Impressum<\/span><\/h2>\n<p><span style=\"font-family: Trebuchet MS, sans-serif;\">Karsten von L\u00fcpke<br \/>\nRotlintstra\u00dfe 41<br \/>\n60316 Frankfurt am Main<\/span><\/p>\n<p><span style=\"font-family: Trebuchet MS, sans-serif;\">Telefon: +491722792134<br \/>\nE-Mail:\u00a0<a href=\"mailto:info@vonluepke-music.de\">info@vonluepke-music.de<\/a><\/span><\/p>\n<p><span style=\"font-family: Trebuchet MS, sans-serif;\"><strong>Verantwortlich f\u00fcr den Inhalt gem. \u00a7 55 Abs. 2 RStV:<\/strong><br \/>\nKarsten von L\u00fcpke<br \/>\nRotlintstra\u00dfe 41<br \/>\n60316 Frankfurt am Main<\/span><\/p>\n<p><span style=\"font-family: Trebuchet MS, sans-serif;\">Birgit von L\u00fcpke<br \/>\nRotlintstra\u00dfe 41<br \/>\n60316 Frankfurt am Main<\/span><\/p>\n<p><span style=\"font-family: Trebuchet MS, sans-serif;\"><strong>Bildrechte:<\/strong><br \/>\nHelmut Dettmann<br \/>\n<a href=\"http:\/\/www.pixundpixel.de\/index.html\">http:\/\/www.pixundpixel.de\/index.html<\/a><\/span><\/p>\n<\/div><\/div><\/div><\/div><\/div><div class=\"vc_col-sm-6 wpb_column vc_column_container\"><div class=\"vc_column-inner\"><div class=\"wpb_wrapper\"><div class=\"w-image us_custom_d5be2804 align_none\"><div class=\"w-image-h\"><img loading=\"lazy\" decoding=\"async\" width=\"1024\" height=\"576\" src=\"https:\/\/vonluepke-music.de\/wp-content\/uploads\/2020\/05\/aufgest\u00fctzt_2NEU-bearb-freigestellt-1024x576.jpg\" class=\"attachment-large size-large\" alt=\"\" srcset=\"https:\/\/vonluepke-music.de\/wp-content\/uploads\/2020\/05\/aufgest\u00fctzt_2NEU-bearb-freigestellt-1024x576.jpg 1024w, https:\/\/vonluepke-music.de\/wp-content\/uploads\/2020\/05\/aufgest\u00fctzt_2NEU-bearb-freigestellt-1536x864.jpg 1536w, https:\/\/vonluepke-music.de\/wp-content\/uploads\/2020\/05\/aufgest\u00fctzt_2NEU-bearb-freigestellt-2048x1152.jpg 2048w, https:\/\/vonluepke-music.de\/wp-content\/uploads\/2020\/05\/aufgest\u00fctzt_2NEU-bearb-freigestellt-600x338.jpg 600w\" sizes=\"auto, (max-width: 1024px) 100vw, 1024px\" \/><\/div><\/div><\/div><\/div><\/div><\/div><\/div><\/section><section class=\"l-section wpb_row height_medium\"><div class=\"l-section-h i-cf\"><div class=\"g-cols vc_row via_flex valign_top type_default\"><div class=\"vc_col-sm-12 wpb_column vc_column_container\"><div class=\"vc_column-inner\"><div class=\"wpb_wrapper\"><div class=\"wpb_text_column\"><div class=\"wpb_wrapper\"><p><strong><span style=\"color: #000000;\"><span style=\"font-family: Trebuchet MS, sans-serif;\"><span style=\"font-size: x-large;\">Haftungsausschluss (Disclaimer):<\/span><\/span><\/span><\/strong><\/p>\n<p><span style=\"color: #000000;\"><span style=\"font-family: Trebuchet MS, sans-serif;\"><span style=\"font-size: medium;\"><b>Haftung f\u00fcr Inhalte<\/b><\/span><\/span><\/span><\/p>\n<p><span style=\"color: #000000;\"><span style=\"font-family: Trebuchet MS, sans-serif;\"><span style=\"font-size: medium;\">Als Diensteanbieter sind wir gem\u00e4\u00df \u00a7 7 Abs.1 TMG f\u00fcr eigene Inhalte auf diesen Seiten nach den allgemeinen Gesetzen verantwortlich. Nach \u00a7\u00a7 8 bis 10 TMG sind wir als Diensteanbieter jedoch nicht verpflichtet, \u00fcbermittelte oder gespeicherte fremde Informationen zu \u00fcberwachen oder nach Umst\u00e4nden zu forschen, die auf eine rechtswidrige T\u00e4tigkeit hinweisen. Verpflichtungen zur Entfernung oder Sperrung der Nutzung von Informationen nach den allgemeinen Gesetzen bleiben hiervon unber\u00fchrt. Eine diesbez\u00fcgliche Haftung ist jedoch erst ab dem Zeitpunkt der Kenntnis einer konkreten Rechtsverletzung m\u00f6glich. Bei Bekanntwerden von entsprechenden Rechtsverletzungen werden wir diese Inhalte umgehend entfernen. <\/span><\/span><\/span><\/p>\n<p><span style=\"color: #000000;\"><span style=\"font-size: medium;\"><span style=\"font-family: Trebuchet MS, sans-serif;\"><b>Haftung f\u00fcr Links<\/b><\/span><\/span><\/span><\/p>\n<p><span style=\"font-family: Trebuchet MS, sans-serif;\">Unser Angebot enth\u00e4lt Links zu externen Webseiten Dritter, auf deren Inhalte wir keinen Einfluss haben. Deshalb k\u00f6nnen wir f\u00fcr diese fremden Inhalte auch keine Gew\u00e4hr \u00fcbernehmen. F\u00fcr die Inhalte der verlinkten Seiten ist stets der jeweilige Anbieter oder Betreiber der Seiten verantwortlich. Die verlinkten Seiten wurden zum Zeitpunkt der Verlinkung auf m\u00f6gliche Rechtsverst\u00f6\u00dfe \u00fcberpr\u00fcft. Rechtswidrige Inhalte waren zum Zeitpunkt der Verlinkung nicht erkennbar. Eine permanente inhaltliche Kontrolle der verlinkten Seiten ist jedoch ohne konkrete Anhaltspunkte einer Rechtsverletzung nicht zumutbar. Bei Bekanntwerden von Rechtsverletzungen werden wir derartige Links umgehend entfernen. <\/span><\/p>\n<p><span style=\"color: #000000;\"><span style=\"font-size: medium;\"><span style=\"font-family: Trebuchet MS, sans-serif;\"><b>Urheberrecht<\/b><\/span><\/span><\/span><\/p>\n<p><span style=\"font-family: Trebuchet MS, sans-serif;\">Die durch die Seitenbetreiber erstellten Inhalte und Werke auf diesen Seiten unterliegen dem deutschen Urheberrecht. Die Vervielf\u00e4ltigung, Bearbeitung, Verbreitung und jede Art der Verwertung au\u00dferhalb der Grenzen des Urheberrechtes bed\u00fcrfen der schriftlichen Zustimmung des jeweiligen Autors bzw. Erstellers. Downloads und Kopien dieser Seite sind nur f\u00fcr den privaten, nicht kommerziellen Gebrauch gestattet. Soweit die Inhalte auf dieser Seite nicht vom Betreiber erstellt wurden, werden die Urheberrechte Dritter beachtet. Insbesondere werden Inhalte Dritter als solche gekennzeichnet. Sollten Sie trotzdem auf eine Urheberrechtsverletzung aufmerksam werden, bitten wir um einen entsprechenden Hinweis. Bei Bekanntwerden von Rechtsverletzungen werden wir derartige Inhalte umgehend entfernen.<\/span><span style=\"font-family: Trebuchet MS, sans-serif;\"><br \/>\n<\/span><\/p>\n<\/div><\/div><\/div><\/div><\/div><\/div><\/div><\/section>\n","protected":false},"excerpt":{"rendered":"Impressum Karsten von L\u00fcpke Rotlintstra\u00dfe 41 60316 Frankfurt am Main Telefon: +491722792134 E-Mail:\u00a0info@vonluepke-music.de Verantwortlich f\u00fcr den Inhalt gem. \u00a7 55 Abs. 2 RStV: Karsten von L\u00fcpke Rotlintstra\u00dfe 41 60316 Frankfurt am Main Birgit von L\u00fcpke Rotlintstra\u00dfe 41 60316 Frankfurt am Main Bildrechte: Helmut Dettmann http:\/\/www.pixundpixel.de\/index.html Haftungsausschluss (Disclaimer): Haftung f\u00fcr Inhalte Als Diensteanbieter sind wir gem\u00e4\u00df...","protected":false},"author":1,"featured_media":0,"parent":0,"menu_order":0,"comment_status":"closed","ping_status":"closed","template":"","meta":{"footnotes":""},"class_list":["post-1644","page","type-page","status-publish","hentry"],"_links":{"self":[{"href":"https:\/\/vonluepke-music.de\/index.php?rest_route=\/wp\/v2\/pages\/1644","targetHints":{"allow":["GET"]}}],"collection":[{"href":"https:\/\/vonluepke-music.de\/index.php?rest_route=\/wp\/v2\/pages"}],"about":[{"href":"https:\/\/vonluepke-music.de\/index.php?rest_route=\/wp\/v2\/types\/page"}],"author":[{"embeddable":true,"href":"https:\/\/vonluepke-music.de\/index.php?rest_route=\/wp\/v2\/users\/1"}],"replies":[{"embeddable":true,"href":"https:\/\/vonluepke-music.de\/index.php?rest_route=%2Fwp%2Fv2%2Fcomments&post=1644"}],"version-history":[{"count":12,"href":"https:\/\/vonluepke-music.de\/index.php?rest_route=\/wp\/v2\/pages\/1644\/revisions"}],"predecessor-version":[{"id":1660,"href":"https:\/\/vonluepke-music.de\/index.php?rest_route=\/wp\/v2\/pages\/1644\/revisions\/1660"}],"wp:attachment":[{"href":"https:\/\/vonluepke-music.de\/index.php?rest_route=%2Fwp%2Fv2%2Fmedia&parent=1644"}],"curies":[{"name":"wp","href":"https:\/\/api.w.org\/{rel}","templated":true}]}}